number?
True
Is 259613 a composite number?
True
Is 1283 prime?
True
Is 14987 composite?
True
Is 1006045 a prime number?
False
Is 56711 prime?
True
Is 449373 a prime number?
False
Is 22045 prime?
False
Is 2614 a prime number?
False
Is 2326609 composite?
True
Is 96323 a prime number?
True
Is 31271 a composite number?
False
Is 21059 a composite number?
False
Is 11678 composite?
True
Is 93289 prime?
False
Is 1703 composite?
True
Is 186977 a composite number?
True
Is 172999 composite?
False
Is 58433 composite?
True
Is 12959 a composite number?
False
Is 359453 prime?
False
Is 83935 composite?
True
Is 20527 a prime number?
False
Is 78745 composite?
True
Is 462989 a composite number?
True
Is 348373 a composite number?
True
Is 9173 a prime number?
True
Is 18727 prime?
False
Is 28349 composite?
False
Is 1974319 prime?
True
Is 187811 composite?
True
Is 747713 a prime number?
True
Is 28807 composite?
False
Is 20993 a composite number?
True
Is 196103 prime?
False
Is 246271 a prime number?
True
Is 7001 a prime number?
True
Is 157627 prime?
True
Is 152363 a composite number?
False
Is 442741 prime?
False
Is 183797 a prime number?
True
Is 1759 composite?
False
Is 124427 a composite number?
False
Is 7251 a prime number?
False
Is 122981 prime?
False
Is 911713 a composite number?
True
Is 58085 prime?
False
Is 287921 a composite number?
False
Is 327689 composite?
False
Is 316409 prime?
False
Is 545133 composite?
True
Is 21401 a composite number?
False
Is 6983 a prime number?
True
Is 25427 a composite number?
True
Is 3227 prime?
False
Is 166087 composite?
True
Is 130807 a prime number?
True
Is 6227 a composite number?
True
Is 128813 composite?
False
Is 19457 a composite number?
False
Is 1239565 a prime number?
False
Is 187337 composite?
False
Is 158495 prime?
False
Is 1170097 a composite number?
True
Is 39413 composite?
True
Is 1015514 composite?
True
Is 4613 a prime number?
False
Is 1694417 a prime number?
False
Is 379 a composite number?
False
Is 754967 a composite number?
False
Is 13382 a composite number?
True
Is 282157 a prime number?
True
Is 142357 a prime number?
True
Is 1319 a composite number?
False
Is 9235 prime?
False
Is 508699 prime?
False
Is 57569 prime?
False
Is 3079 composite?
False
Is 26209 composite?
False
Is 273623 composite?
True
Is 654491 a prime number?
True
Is 8849 composite?
False
Is 3897889 a composite number?
False
Is 113891 a composite number?
False
Is 1340587 a prime number?
True
Is 307471 composite?
False
Is 605309 a prime number?
True
Is 206431 composite?
True
Is 108111 a composite number?
True
Is 465379 prime?
True
Is 5227 a composite number?
False
Is 79409 prime?
False
Is 487 a prime number?
True
Is 677009 prime?
False
Is 35759 composite?
False
Is 4249 prime?
False
Is 16603 a composite number?
False
Is 723193 a prime number?
True
Is 44927 composite?
False
Is 767 prime?
False
Is 13217 composite?
False
Is 110267 prime?
False
Is 87983 a composite number?
True
Is 58657 a prime number?
True
Is 485 a composite number?
True
Is 809 a composite number?
False
Is 22749 a composite number?
True
Is 1784741 composite?
True
Is 66419 a prime number?
False
Is 2633 a composite number?
False
Is 313499 prime?
False
Is 188677 a prime number?
True
Is 9014 a composite number?
True
Is 141391 prime?
False
Is 27655 a prime number?
False
Is 1091041 prime?
False
Is 47578 a composite number?
True
Is 18617 a composite number?
False
Is 14907 a prime number?
False
Is 11785 composite?
True
Is 610271 composite?
False
Is 302479 a prime number?
False
Is 6127 prime?
False
Is 5437 composite?
False
Is 4861 composite?
False
Is 206069 prime?
True
Is 60331 composite?
False
Is 683651 composite?
False
Is 22049 a prime number?
False
Is 50789 prime?
True
Is 13811 a prime number?
False
Is 10357 composite?
False
Is 613126 composite?
True
Is 54647 a composite number?
False
Is 44147 a composite number?
True
Is 6469 a prime number?
True
Is 656033 a composite number?
True
Is 82639 a composite number?
True
Is 8402 a composite number?
True
Is 59587 a prime number?
False
Is 1272191 a prime number?
True
Is 44437 composite?
True
Is 26641 composite?
False
Is 104861 composite?
True
Is 7561 prime?
True
Is 404249 composite?
False
Is 49697 a composite number?
False
Is 12071 composite?
False
Is 3587 a composite number?
True
Is 29649 prime?
False
Is 447 a prime number?
False
Is 100043 prime?
True
Is 112687 a composite number?
False
Is 11197 a prime number?
True
Is 8459 a prime number?
False
Is 45274 a prime number?
False
Is 15943 prime?
False
Is 50035 composite?
True
Is 76381 a composite number?
True
Is 1554307 a composite number?
False
Is 74677 a prime number?
False
Is 1624579 a composite number?
True
Is 1021337 a prime number?
False
Is 49103 a prime number?
True
Is 1439 a composite number?
False
Is 119027 composite?
False
Is 3737 composite?
True
Is 531961 prime?
False
Is 618593 prime?
True
Is 26141 composite?
False
Is 52489 composite?
False
Is 1342531 a prime number?
True
Is 5921 a composite number?
True
Is 813955 a prime number?
False
Is 21269 a prime number?
True
Is 778709 prime?
True
Is 53657 a prime number?
True
Is 649739 a prime number?
True
Is 15391 a composite number?
False
Is 29837 prime?
True
Is 67927 prime?
True
Is 164777 a composite number?
True
Is 80831 a composite number?
False
Is 525763 a composite number?
True
Is 465797 composite?
False
Is 2099 a composite number?
False
Is 81749 a prime number?
True
Is 1341523 a prime number?
True
Is 239021 prime?
False
Is 143363 a prime number?
False
Is 491 prime?
True
Is 220511 composite?
False
Is 229583 composite?
False
Is 169207 prime?
False
Is 87869 prime?
True
Is 30631 composite?
False
Is 1452313 a composite number?
True
Is 629 prime?
False
Is 108631 a composite number?
False
Is 68947 a prime number?
True
Is 5507 a composite number?
False
Is 278989 prime?
False
Is 158362 a prime number?
False
Is 11791 a composite number?
True
Is 83773 a composite number?
False
Is 486907 prime?
True
Is 90667 a prime number?
False
Is 383855 prime?
False
Is 2579 a prime number?
True
Is 27653 a prime number?
True
Is 436847 a prime number?
False
Is 406481 prime?
True
Is 29923 a prime number?
False
Is 866 a prime number?
False
Is 22142 prime?
False
Is 56591 a prime number?
True
Is 1481 a composite number?
False
Is 90971 composite?
False
Is 2441267 prime?
True
Is 86971 a prime number?
False
Is 1209085 a prime number?
False
Is 443 a composite number?
False
Is 2201 a composite number?
True
Is 264071 composite?
False
Is 263363 prime?
False
Is 6635 composite?
True
Is 293767 a composite number?
False
Is 398771 prime?
True
Is 9242 a composite number?
True
Is 39869 composite?
False
Is 11381 prime?
False
Is 246119 a prime number?
True
Is 1807807 a composite number?
False
Is 20974 prime?
False
Is 2321 a composite number?
True
Is 1253339 a composite number?
True
Is 520691 prime?
True
Is 117863 prime?
False
Is 58337 a prime number?
True
Is 1360309 a composite number?
False
Is 287881 a composite number?
True
Is 826663 composite?
False
Is 1237921 a prime number?
False
Is 1913 composite?
False
Is 8263 prime?
True
Is 968017 a composite number?
False
Is 17786 composite?
True
Is 5771 composite?
True
Is 8545 prime?
False
Is 488891 a composite number?
True
Is 128033 composite?
False
Is 43573 prime?
True
Is 1712771 prime?
True
Is 156511 prime?
True
Is 1503767 composite?
False
Is 151871 a composite number?
False
Is 178091 composite?
False
Is 1481413 a prime number?
True
Is 229937 a composite number?
False
Is 18517 prime?
True
Is 1597529 prime?
False
Is 18427 a prime number?
True
Is 4321 prime?
False
Is 383423 prime?
False
Is 13567 a prime number?
True
Is 8887 a composite number?
False
Is 6029 composite?
False
Is 3761 a composite number?
False
Is 45071 composite?
True
Is 3127 a prime number?
False
Is 672905 composite?
True
Is 105953 prime?
True
Is 15443 a prime number?
True
Is 51931 a prime number?
False
Is 675959 a composite number?
False
Is 102269 prime?
False
Is 34019 prime?
True
Is 9941 a prime number?
True
Is 545023 a prime number?
True
Is 10643 a composite number?
True
Is 45597 prime?
False
Is 5803 prime?
False
Is 1968449 a prime number?
False
Is 12271 a composite number?
True
Is 277741 a prime number?
True
Is 715717 a prime number?
False
Is 3589 a prime number?
False
Is 1354